st common factor of 128240 and 220?
20
Calculate the highest common factor of 1018592 and 278.
278
Calculate the greatest common divisor of 5706823 and 614.
307
What is the highest common divisor of 150 and 177150?
150
Calculate the highest common factor of 12576 and 32226.
786
Calculate the highest common divisor of 455 and 1540.
35
What is the highest common divisor of 228193 and 49?
49
Calculate the greatest common divisor of 620678 and 262.
262
What is the greatest common divisor of 449035 and 155?
155
What is the greatest common divisor of 1014 and 62673?
39
Calculate the greatest common factor of 11584 and 724.
724
What is the greatest common factor of 1512 and 1736?
56
Calculate the greatest common divisor of 85542 and 3498.
318
Calculate the greatest common divisor of 327942 and 216.
54
Calculate the highest common factor of 151683 and 84.
21
Calculate the highest common divisor of 27 and 289143.
27
Calculate the highest common divisor of 14112802 and 22.
22
What is the highest common factor of 10071 and 7460?
373
What is the greatest common divisor of 188 and 47?
47
What is the highest common factor of 30 and 158910?
30
What is the greatest common factor of 44 and 454344?
44
Calculate the greatest common factor of 44642 and 52598.
442
What is the highest common divisor of 882 and 11074?
98
Calculate the highest common divisor of 14391 and 1640.
41
Calculate the greatest common factor of 454233 and 38.
19
Calculate the highest common divisor of 1109178 and 18.
18
What is the highest common factor of 27 and 1405251?
9
What is the highest common divisor of 550 and 16775?
275
What is the highest common factor of 1064 and 2812?
76
What is the greatest common divisor of 10596 and 972?
12
What is the greatest common divisor of 16 and 231064?
8
What is the greatest common factor of 4242 and 8400?
42
What is the highest common factor of 12496 and 217118?
1562
What is the highest common divisor of 1532377 and 196?
49
Calculate the highest common divisor of 159665 and 10.
5
What is the highest common divisor of 151166 and 8?
2
Calculate the greatest common divisor of 949 and 169.
13
What is the greatest common divisor of 38221192 and 1348?
1348
What is the highest common divisor of 2104 and 876842?
526
Calculate the highest common factor of 41670 and 405.
45
Calculate the greatest common factor of 36 and 6438222.
18
Calculate the highest common divisor of 25231 and 115.
23
Calculate the highest common divisor of 280 and 1712.
8
Calculate the greatest common factor of 56 and 8638.
14
What is the greatest common divisor of 330 and 2058320?
110
Calculate the greatest common divisor of 606 and 318.
6
Calculate the highest common divisor of 78451 and 779.
19
Calculate the greatest common factor of 174 and 4206.
6
Calculate the greatest common factor of 24 and 834880.
8
Calculate the greatest common factor of 3172187 and 3579.
1193
What is the highest common factor of 13527549 and 9?
9
Calculate the greatest common divisor of 124975 and 25.
25
What is the greatest common factor of 16497 and 3055?
611
Calculate the greatest common divisor of 2576 and 31648.
368
What is the highest common factor of 455 and 305890?
65
What is the highest common factor of 35 and 193613?
7
Calculate the greatest common factor of 89 and 1513.
89
Calculate the highest common factor of 1361160 and 1440.
360
What is the highest common divisor of 1690 and 5590?
130
What is the greatest common factor of 75 and 247675?
25
What is the highest common factor of 1474360 and 1856?
232
Calculate the highest common factor of 412425 and 429.
39
Calculate the greatest common factor of 58203 and 117.
9
What is the highest common factor of 972 and 1098?
18
Calculate the greatest common divisor of 660 and 432.
12
What is the greatest common factor of 1586 and 286?
26
What is the highest common factor of 7 and 419?
1
Calculate the greatest common factor of 750 and 24.
6
What is the greatest common factor of 17708 and 5966?
38
What is the highest common factor of 1599 and 3744?
39
Calculate the greatest common factor of 257283 and 81.
27
Calculate the greatest common factor of 3 and 23942.
1
Calculate the greatest common divisor of 79713 and 425.
17
What is the greatest common divisor of 27326 and 949?
13
Calculate the highest common divisor of 47 and 9917.
47
What is the greatest common divisor of 30171 and 678?
339
What is the highest common divisor of 3300 and 506440?
220
What is the highest common divisor of 260 and 49556?
52
Calculate the greatest common divisor of 706575 and 30.
15
Calculate the highest common factor of 8077 and 164.
41
What is the highest common factor of 21643 and 13961?
23
Calculate the greatest common factor of 87 and 118320.
87
What is the highest common divisor of 50 and 540325?
25
What is the greatest common factor of 101357 and 395?
79
What is the greatest common factor of 20150 and 67400?
50
Calculate the highest common factor of 230018 and 5170.
94
What is the highest common divisor of 3390 and 3842?
226
Calculate the greatest common divisor of 48 and 46908.
12
Calculate the greatest common divisor of 55 and 186241.
11
Calculate the highest common factor of 2304 and 180.
36
Calculate the highest common divisor of 52364 and 2717.
247
What is the greatest common divisor of 157641 and 4301?
187
What is the highest common factor of 838377 and 54?
27
Calculate the highest common factor of 457 and 293851.
457
Calculate the greatest common factor of 1488 and 78213.
93
What is the greatest common divisor of 2325 and 3999?
93
Calculate the greatest common factor of 189 and 657.
9
What is the highest common factor of 2272 and 10912?
32
What is the highest common factor of 793 and 94306?
61
Calculate the greatest common factor of 700416 and 136.
8
Calculate the greatest common factor of 3192 and 258248.
152
What is the highest common divisor of 2720 and 4960?
160
Calculate the highest common divisor of 481978 and 168.
14
What is the highest common factor of 1532 and 1401014?
766
Calculate the highest common factor of 133061 and 15221.
491
What is the highest common factor of 57 and 76019?
19
Calculate the greatest common factor of 180712 and 32.
8
Calculate the highest common divisor of 1625 and 18875.
125
Calculate the highest common factor of 340 and 50405.
85
Calculate the highest common factor of 6345 and 5085.
45
What is the highest common factor of 5262 and 4?
2
Calculate the greatest common factor of 95424 and 252.
84
What is the greatest common divisor of 20720 and 32480?
560
What is the highest common divisor of 78832 and 152?
8
What is the highest common divisor of 13108 and 4068?
452
Calculate the greatest common factor of 33 and 104071.
11
Calculate the greatest common factor of 47277 and 297.
27
What is the highest common divisor of 910584 and 144?
72
What is the greatest common divisor of 197 and 73087?
197
Calculate the greatest common divisor of 183 and 334524.
183
Calculate the highest common divisor of 34438 and 1542.
514
Calculate the greatest common divisor of 286 and 4346342.
286
Calculate the greatest common divisor of 1030180 and 380.
380
What is the highest common factor of 433926 and 18?
18
Calculate the greatest common factor of 422346 and 1419.
129
What is the highest common divisor of 437084 and 452?
452
Calculate the greatest common divisor of 67 and 191.
1
What is the highest common divisor of 211048 and 3441?
1147
What is the highest common divisor of 284076 and 39?
39
What is the greatest common divisor of 1232046 and 18?
18
What is the highest common factor of 66 and 10186?
22
What is the highest common factor of 28408 and 3685?
67
What is the greatest common factor of 934 and 3139174?
934
Calculate the greatest common divisor of 1035 and 134955.
45
What is the greatest common divisor of 27552 and 1435?
287
What is the greatest common factor of 12 and 835716?
12
What is the greatest common factor of 242 and 381458?
22
Calculate the greatest common divisor of 15354 and 868354.
1706
What is the highest common factor of 343 and 13132?
49
What is the greatest common divisor of 512 and 105856?
128
What is the greatest common factor of 874 and 697889?
437
What is the highest common divisor of 228 and 43356?
12
What is the highest common div